{"id":248,"date":"2019-11-26T12:23:06","date_gmt":"2019-11-26T12:23:06","guid":{"rendered":"https:\/\/demosites.io\/blogger-gb\/?page_id=6"},"modified":"2024-10-24T13:00:47","modified_gmt":"2024-10-24T11:00:47","slug":"582c1-blogger-gb-about","status":"publish","type":"page","link":"https:\/\/horizonaventures.net\/index.php\/582c1-blogger-gb-about\/","title":{"rendered":"\u00c0 propos"},"content":{"rendered":"\n<div id=\"wp-block-themeisle-blocks-advanced-columns-c3397b6c\" class=\"wp-block-themeisle-blocks-advanced-columns alignfull has-1-columns has-desktop-equal-layout has-tablet-equal-layout has-mobile-equal-layout has-vertical-unset\"><div class=\"wp-block-themeisle-blocks-advanced-columns-overlay\"><\/div><div class=\"innerblocks-wrap\">\n<div id=\"wp-block-themeisle-blocks-advanced-column-f1a738cd\" class=\"wp-block-themeisle-blocks-advanced-column\">\n<h1 class=\"wp-block-heading ticss-323b0dc0\">\u00c0 propos de ce site :<\/h1>\n<\/div>\n<\/div><\/div>\n\n\n\n<div id=\"wp-block-themeisle-blocks-advanced-columns-ba35ac10\" class=\"wp-block-themeisle-blocks-advanced-columns alignfull has-2-columns has-desktop-equal-layout has-tablet-collapsedRows-layout has-mobile-collapsedRows-layout has-vertical-unset\"><div class=\"wp-block-themeisle-blocks-advanced-columns-overlay\"><\/div><div class=\"innerblocks-wrap\">\n<div id=\"wp-block-themeisle-blocks-advanced-column-c5a7861d\" class=\"wp-block-themeisle-blocks-advanced-column ticss-5418d6a3\">\n<p id=\"wp-block-themeisle-blocks-advanced-heading-e18518c3\" class=\"wp-block-themeisle-blocks-advanced-heading wp-block-themeisle-blocks-advanced-heading-e18518c3\"><strong>Envie d&rsquo;Horizon<\/strong> \/<strong>horizonaventures.net<\/strong><\/p>\n\n\n\n<h2 class=\"wp-block-heading\">Qui Suis-je ?<\/h2>\n\n\n\n<p>Je suis Christophe, le fondateur d&rsquo;Envie d&rsquo;Horizon, et je suis passionn\u00e9 par l&rsquo;aventure, les voyages et la d\u00e9couverte depuis toujours. Mon parcours m&rsquo;a conduit \u00e0 explorer le monde, grandissant en Afrique, parcourant la France et l&rsquo;Europe, et vivant pendant pr\u00e8s de 15 ans en Am\u00e9rique centrale, au Panama et au Costa Rica.<\/p>\n\n\n\n<p><br>Au cours de mes aventures, j&rsquo;ai occup\u00e9 diverses fonctions, notamment dans l&rsquo;h\u00f4tellerie-restauration, et en tant qu&rsquo;agent de voyage en agence, et j&rsquo;ai m\u00eame \u00e9t\u00e9 chercheur d&rsquo;or pendant un bref laps de temps. Toutes ces exp\u00e9riences m&rsquo;ont permis de d\u00e9velopper une expertise dans la conception de voyages, avec une attention particuli\u00e8re \u00e0 l&rsquo;organisation, \u00e0 la recherche d&rsquo;un \u00e9quilibre entre la qualit\u00e9 et le prix, tout en \u00e9vitant les pi\u00e8ges courants.<\/p>\n\n\n\n<p><br><\/p>\n<\/div>\n\n\n\n<div id=\"wp-block-themeisle-blocks-advanced-column-6436fd26\" class=\"wp-block-themeisle-blocks-advanced-column ticss-48ef8f35\">\n<figure class=\"wp-block-image size-full ticss-39ebe30d\"><img alt=\"\" loading=\"lazy\" decoding=\"async\" width=\"768\" height=\"1024\" src=\"https:\/\/horizonaventures.net\/wp-content\/uploads\/2024\/02\/b175c8b9-39f1-4c8a-8321-78d15148fcac-edited.png\" alt=\"\" class=\"wp-image-320\" srcset=\"https:\/\/horizonaventures.net\/wp-content\/uploads\/2024\/02\/b175c8b9-39f1-4c8a-8321-78d15148fcac-edited.png 768w, https:\/\/horizonaventures.net\/wp-content\/uploads\/2024\/02\/b175c8b9-39f1-4c8a-8321-78d15148fcac-edited-225x300.png 225w\" sizes=\"auto, (max-width: 768px) 100vw, 768px\" \/><\/figure>\n<\/div>\n<\/div><\/div>\n\n\n\n<div id=\"wp-block-themeisle-blocks-advanced-columns-350732b2\" class=\"wp-block-themeisle-blocks-advanced-columns alignfull has-2-columns has-desktop-equal-layout has-tablet-equal-layout has-mobile-collapsedRows-layout has-vertical-unset has-dark-bg\"><div class=\"wp-block-themeisle-blocks-advanced-columns-overlay\"><\/div><div class=\"innerblocks-wrap\">\n<div id=\"wp-block-themeisle-blocks-advanced-column-b9f983d5\" class=\"wp-block-themeisle-blocks-advanced-column\">\n<h4 class=\"wp-block-heading has-nv-text-dark-bg-color has-text-color\">Bienvenue sur \u00ab\u00a0Envie d&rsquo;Horizon\u00a0\u00bb !<\/h4>\n\n\n\n<p>Ici, nous c\u00e9l\u00e9brons la passion pour les voyages et l&rsquo;exploration. \u00ab\u00a0Envie d&rsquo;Horizon\u00a0\u00bb est bien plus qu&rsquo;un simple site web, c&rsquo;est une communaut\u00e9 dynamique de voyageurs avides de d\u00e9couvrir le monde et de partager leurs exp\u00e9riences.<\/p>\n\n\n\n<p>Que vous soyez un globe-trotter chevronn\u00e9 \u00e0 la recherche de nouvelles destinations exotiques, ou un novice curieux d\u00e9sireux de s&rsquo;initier \u00e0 l&rsquo;art du voyage, vous trouverez ici une mine d&rsquo;informations, d&rsquo;inspiration et de conseils pratiques pour rendre chaque voyage inoubliable.<\/p>\n\n\n\n<p>Explorez nos articles d\u00e9taill\u00e9s sur les destinations les plus populaires, d\u00e9couvrez des conseils d&rsquo;experts pour \u00e9conomiser de l&rsquo;argent en voyage, plongez dans des r\u00e9cits de voyage captivants et laissez-vous inspirer par les magnifiques photographies de lieux \u00e9loign\u00e9s.<\/p>\n<\/div>\n\n\n\n<div id=\"wp-block-themeisle-blocks-advanced-column-57d9480e\" class=\"wp-block-themeisle-blocks-advanced-column\">\n<h4 class=\"wp-block-heading has-nv-dark-bg-color has-text-color has-link-color wp-elements-6b6bfc0ab0ebb884e3b4804e9d8b51da\">Bienvenue sur \u00ab\u00a0Envie d&rsquo;Horizon\u00a0\u00bb !<\/h4>\n\n\n\n<p>Nous croyons fermement que chaque voyage est une aventure en soi, qu&rsquo;il s&rsquo;agisse de d\u00e9couvrir une nouvelle culture, de go\u00fbter des saveurs exotiques ou de s&rsquo;\u00e9merveiller devant des paysages \u00e0 couper le souffle. \u00ab\u00a0Envie d&rsquo;Horizon\u00a0\u00bb est l\u00e0 pour vous accompagner \u00e0 chaque \u00e9tape de votre voyage, de la planification \u00e0 la r\u00e9alisation.<\/p>\n\n\n\n<p>Rejoignez-nous dans cette formidable aventure ! Suivez-nous sur nos r\u00e9seaux sociaux, partagez vos propres exp\u00e9riences de voyage et laissez-vous inspirer par la communaut\u00e9 \u00ab\u00a0Envie d&rsquo;Horizon\u00a0\u00bb. Ensemble, explorons le monde et repoussons les limites de l&rsquo;exploration.<\/p>\n\n\n\n<p>Bienvenue \u00e0 bord, l&rsquo;aventure commence ici !<\/p>\n\n\n\n<p class=\"wp-block-themeisle-blocks-advanced-heading wp-block-themeisle-blocks-advanced-heading-291a439a has-nv-text-dark-bg-color has-text-color\"><a href=\"https:\/\/horizonaventures.net\/index.php\/582c1-blogger-gb-news\/\">Voir les Articles<\/a>                      ou                               <a href=\"https:\/\/horizonaventures.net\/index.php\/582c1-blogger-gb-contact\/\" target=\"_blank\" rel=\"noreferrer noopener\">Me contacter<\/a><\/p>\n<\/div>\n<\/div><\/div>\n\n\n\n<div id=\"wp-block-themeisle-blocks-advanced-columns-0420b78e\" class=\"wp-block-themeisle-blocks-advanced-columns has-1-columns has-desktop-equal-layout has-tablet-equal-layout has-mobile-equal-layout has-vertical-unset\"><div class=\"wp-block-themeisle-blocks-advanced-columns-overlay\"><\/div><div class=\"innerblocks-wrap\">\n<div id=\"wp-block-themeisle-blocks-advanced-column-07c8372f\" class=\"wp-block-themeisle-blocks-advanced-column ticss-1e4a2cbe\">\n<p id=\"wp-block-themeisle-blocks-advanced-heading-00861d10\" class=\"wp-block-themeisle-blocks-advanced-heading wp-block-themeisle-blocks-advanced-heading-00861d10\"><strong>\u00c0 propos<\/strong><\/p>\n\n\n\n<h2 class=\"wp-block-heading has-text-align-center\">Des Articles<\/h2>\n\n\n<div class=\"wp-block-image is-style-rounded\">\n<figure class=\"aligncenter size-full\"><img alt=\"\" loading=\"lazy\" decoding=\"async\" width=\"1024\" height=\"1024\" src=\"https:\/\/horizonaventures.net\/wp-content\/uploads\/2024\/02\/dd677018-3526-480b-937a-e71688c18377.png\" alt=\"\" class=\"wp-image-293\" srcset=\"https:\/\/horizonaventures.net\/wp-content\/uploads\/2024\/02\/dd677018-3526-480b-937a-e71688c18377.png 1024w, https:\/\/horizonaventures.net\/wp-content\/uploads\/2024\/02\/dd677018-3526-480b-937a-e71688c18377-300x300.png 300w, https:\/\/horizonaventures.net\/wp-content\/uploads\/2024\/02\/dd677018-3526-480b-937a-e71688c18377-150x150.png 150w, https:\/\/horizonaventures.net\/wp-content\/uploads\/2024\/02\/dd677018-3526-480b-937a-e71688c18377-768x768.png 768w\" sizes=\"auto, (max-width: 1024px) 100vw, 1024px\" \/><\/figure>\n<\/div>\n\n\n<div style=\"height:16px\" aria-hidden=\"true\" class=\"wp-block-spacer\"><\/div>\n\n\n\n<div class=\"wp-block-columns alignwide is-layout-flex wp-container-core-columns-is-layout-9d6595d7 wp-block-columns-is-layout-flex\">\n<div class=\"wp-block-column is-layout-flow wp-block-column-is-layout-flow\">\n<h5 class=\"wp-block-heading\">Bienvenue dans notre section <a href=\"https:\/\/horizonaventures.net\/index.php\/582c1-blogger-gb-news\/exploration-geographique\/\" data-type=\"page\" data-id=\"980\" target=\"_blank\" rel=\"noreferrer noopener\">\u00ab\u00a0Exploration G\u00e9ographique\u00a0\u00bb <\/a>!<\/h5>\n\n\n\n<p>Dans cette rubrique, plongez au c\u0153ur de notre plan\u00e8te et explorez le monde dans lequel vous \u00e9voluez. Des articles d\u00e9taill\u00e9s sur les divers continents, les paysages \u00e9poustouflants, les cultures fascinantes et les merveilles naturelles vous attendent. Que vous soyez un passionn\u00e9 de g\u00e9ographie ou simplement curieux d&rsquo;en apprendre davantage sur notre monde, cette section est faite pour vous ! Pr\u00e9parez-vous \u00e0 \u00eatre \u00e9merveill\u00e9 par la diversit\u00e9 de notre plan\u00e8te et \u00e0 vous laisser transporter vers des destinations lointaines.<\/p>\n<\/div>\n\n\n\n<div class=\"wp-block-column is-layout-flow wp-block-column-is-layout-flow\">\n<h5 class=\"wp-block-heading\">D\u00e9couvrez maintenant notre section <a href=\"https:\/\/horizonaventures.net\/index.php\/category\/conseils-aux-voyageurs\/\" data-type=\"link\" data-id=\"https:\/\/horizonaventures.net\/index.php\/category\/conseils-aux-voyageurs\/\" target=\"_blank\" rel=\"noreferrer noopener\">\u00ab\u00a0D\u00e9couvrir le Monde\u00a0\u00bb<\/a> !<\/h5>\n\n\n\n<p>Besoin de conseils pour planifier votre prochain voyage ? Vous \u00eates au bon endroit ! Dans cette section, nous vous proposons une mine d&rsquo;informations sur les destinations incontournables, les astuces de voyage indispensables et les exp\u00e9riences \u00e0 ne pas manquer. Que vous soyez un voyageur aguerri ou un d\u00e9butant enthousiaste, nos conseils vous aideront \u00e0 tirer le meilleur parti de vos aventures autour du monde. Pr\u00e9parez-vous \u00e0 enrichir votre carnet de voyage avec des conseils pratiques et des recommandations \u00e9prouv\u00e9es par des passionn\u00e9s de voyage comme vous.<\/p>\n<\/div>\n\n\n\n<div class=\"wp-block-column is-layout-flow wp-block-column-is-layout-flow\">\n<h5 class=\"wp-block-heading\">Et restez \u00e0 l&rsquo;aff\u00fbt pour notre prochaine section, \u00ab\u00a0<a href=\"https:\/\/horizonaventures.net\/index.php\/582c1-blogger-gb-news\/explorez-et-reservez\/\" data-type=\"link\" data-id=\"https:\/\/horizonaventures.net\/index.php\/582c1-blogger-gb-news\/explorez-et-reservez\/\">Explorez et R\u00e9servez<\/a>\u00a0\u00bb !<\/h5>\n\n\n\n<p>Vous \u00eates pr\u00eat \u00e0 partir \u00e0 l&rsquo;aventure, mais vous ne savez pas par o\u00f9 commencer ? Ne vous inqui\u00e9tez pas, nous sommes l\u00e0 pour vous aider ! <strong>Dans cette section <\/strong>, retrouvez des conseils pratiques pour planifier votre prochaine escapade, des recommandations d&rsquo;h\u00e9bergements et d&rsquo;activit\u00e9s, ainsi que des liens de r\u00e9servation pour simplifier votre voyage. Que vous soyez \u00e0 la recherche d&rsquo;une escapade citadine, d&rsquo;une retraite en pleine nature ou d&rsquo;une aventure exotique, nous avons tout ce qu&rsquo;il vous faut pour faire de votre prochain voyage une exp\u00e9rience inoubliable.<\/p>\n<\/div>\n<\/div>\n<\/div>\n<\/div><\/div>\n","protected":false},"excerpt":{"rendered":"","protected":false},"author":1,"featured_media":0,"parent":0,"menu_order":0,"comment_status":"closed","ping_status":"closed","template":"","meta":{"_seopress_robots_primary_cat":"","_seopress_titles_title":"","_seopress_titles_desc":"","_seopress_robots_index":"","neve_meta_sidebar":"full-width","neve_meta_container":"","neve_meta_enable_content_width":"on","neve_meta_content_width":100,"neve_meta_title_alignment":"","neve_meta_author_avatar":"","neve_post_elements_order":"","neve_meta_disable_header":"","neve_meta_disable_footer":"","neve_meta_disable_title":"on","_themeisle_gutenberg_block_has_review":false,"footnotes":""},"class_list":["post-248","page","type-page","status-publish","hentry"],"_links":{"self":[{"href":"https:\/\/horizonaventures.net\/index.php\/wp-json\/wp\/v2\/pages\/248","targetHints":{"allow":["GET"]}}],"collection":[{"href":"https:\/\/horizonaventures.net\/index.php\/wp-json\/wp\/v2\/pages"}],"about":[{"href":"https:\/\/horizonaventures.net\/index.php\/wp-json\/wp\/v2\/types\/page"}],"author":[{"embeddable":true,"href":"https:\/\/horizonaventures.net\/index.php\/wp-json\/wp\/v2\/users\/1"}],"replies":[{"embeddable":true,"href":"https:\/\/horizonaventures.net\/index.php\/wp-json\/wp\/v2\/comments?post=248"}],"version-history":[{"count":4,"href":"https:\/\/horizonaventures.net\/index.php\/wp-json\/wp\/v2\/pages\/248\/revisions"}],"predecessor-version":[{"id":1913,"href":"https:\/\/horizonaventures.net\/index.php\/wp-json\/wp\/v2\/pages\/248\/revisions\/1913"}],"wp:attachment":[{"href":"https:\/\/horizonaventures.net\/index.php\/wp-json\/wp\/v2\/media?parent=248"}],"curies":[{"name":"wp","href":"https:\/\/api.w.org\/{rel}","templated":true}]}}